 51432430?
True
Is 4 a factor of 253734322?
False
Does 2243 divide 158109483?
False
Is 1479 a factor of 337386522?
True
Is 6 a factor of 77463220?
False
Is 56 a factor of 18098528?
True
Is 16948968 a multiple of 183?
False
Is 2912 a factor of 228632103?
False
Is 3632 a factor of 22483179?
False
Is 2302196 a multiple of 121?
False
Is 155 a factor of 245651089?
False
Is 248 a factor of 659713232?
True
Is 233 a factor of 2847726?
True
Is 11 a factor of 139842131?
True
Is 46671721 a multiple of 8?
False
Is 3556 a factor of 1323939879?
False
Is 25126818 a multiple of 87?
True
Is 1200111153 a multiple of 5487?
True
Is 410 a factor of 37079580?
True
Is 12054105 a multiple of 15?
True
Does 221 divide 47480082?
True
Is 44034400 a multiple of 10?
True
Is 21 a factor of 247925811?
True
Does 509 divide 43800825?
False
Does 15 divide 125890080?
True
Is 3059820040 a multiple of 760?
True
Is 744 a factor of 21225576?
True
Is 14878226 a multiple of 24?
False
Is 367722912 a multiple of 32?
True
Is 72810173 a multiple of 106?
False
Is 32030635 a multiple of 65?
True
Does 6146 divide 1207762752?
True
Is 1184721672 a multiple of 438?
True
Is 86 a factor of 66147674?
True
Is 1283367105 a multiple of 629?
False
Is 154305876 a multiple of 1074?
True
Does 35 divide 516390980?
True
Does 27 divide 95131434?
False
Is 1479 even?
False
Is 6 a factor of 44053416?
True
Is 497835680 a multiple of 1663?
True
Is 4554191068 a multiple of 13?
False
Is 23 a factor of 39764746?
True
Is 926604692 a multiple of 361?
True
Does 4669 divide 2218083154?
True
Is 473248357 a multiple of 57?
False
Is 3346950 a multiple of 30?
True
Is 90 a factor of 84037860?
True
Does 183 divide 667889610?
True
Is 1194212595 a multiple of 109?
False
Is 222 a factor of 15164366?
False
Does 226 divide 9437282?
False
Does 47 divide 24351922?
True
Is 42 a factor of 12281183?
False
Is 109 a factor of 49459186?
True
Does 1991 divide 185320759?
False
Is 2083 a factor of 59413868?
False
Does 11 divide 765812300?
True
Is 16 a factor of 14861360?
True
Is 3967370 a multiple of 10?
True
Is 178863358 a multiple of 35?
False
Does 4 divide 1560429?
False
Is 510145440 a multiple of 24?
True
Does 623 divide 6796546?
False
Does 3536 divide 124034640?
False
Does 56 divide 36232479?
False
Is 11980550 a multiple of 25?
True
Is 21 a factor of 1780118361?
True
Does 12 divide 1090335228?
True
Does 105 divide 1127934?
False
Is 6 a factor of 1262901438?
True
Is 8551575 a multiple of 3075?
True
Is 43251813 a multiple of 775?
False
Is 322198787 a multiple of 6?
False
Is 5826556230 a multiple of 970?
True
Does 60 divide 1135329990?
False
Is 104881960 a multiple of 20?
True
Is 14 a factor of 19711699?
False
Is 6155 a factor of 1384025610?
True
Does 19 divide 57591563?
False
Does 14 divide 2448471312?
True
Is 23 a factor of 3253705856?
True
Does 902 divide 471565600?
True
Is 442080152 a multiple of 116?
False
Does 87 divide 5053740?
False
Is 84012136 a multiple of 242?
False
Is 296334342 a multiple of 124?
False
Is 9 a factor of 10693620?
True
Is 262 a factor of 6506508?
True
Is 7965 a factor of 4394682800?
False
Is 9461208 a multiple of 24?
True
Is 1916 a factor of 31226968?
True
Does 1217 divide 17306957?
True
Is 1196872 a multiple of 41?
True
Does 1723 divide 240870231?
True
Is 596 a factor of 25793688?
True
Is 30 a factor of 2870861097?
False
Does 56 divide 961291856?
True
Is 3190 a factor of 85280828?
False
Does 9 divide 306949536?
True
Is 8 a factor of 21495473?
False
Is 101010692 a multiple of 17?
False
Is 12365305 a multiple of 78?
False
Does 248 divide 2686832?
True
Is 12 a factor of 2401656869?
False
Does 66 divide 1152924703?
False
Is 51 a factor of 24283854?
True
Does 11803 divide 2840380147?
True
Does 30 divide 224546743?
False
Is 21 a factor of 14919942?
False
Is 20 a factor of 101747321?
False
Does 388 divide 38683530?
False
Is 28 a factor of 7866152?
True
Does 52 divide 10004124?
True
Is 20 a factor of 3336955?
False
Does 14 divide 3231026107?
False
Is 4705 a factor of 49167446?
False
Does 2103 divide 9663500?
False
Is 234 a factor of 486769805?
False
Does 1697 divide 2405199028?
False
Is 9196 a factor of 1592342576?
True
Is 28 a factor of 321916504?
True
Is 91784012 a multiple of 9?
False
Is 3 a factor of 5114169?
True
Is 28 a factor of 7826084?
True
Does 4552 divide 3644267472?
True
Is 31 a factor of 312325?
True
Does 75 divide 62525925?
True
Is 32111159 a multiple of 220?
False
Does 1286 divide 40323816?
True
Is 9 a factor of 3277887?
False
Is 426858244 a multiple of 6?
False
Does 410 divide 10409900?
True
Is 742459317 a multiple of 2571?
False
Is 2520 a factor of 268620839?
False
Is 45628800 a multiple of 168?
True
Does 20 divide 35227000?
True
Is 15 a factor of 96513066?
False
Is 12 a factor of 53271871?
False
Is 52 a factor of 3742203636?
False
Does 10 divide 9700050?
True
Is 148 a factor of 475391990?
False
Is 11 a factor of 848729535?
False
Does 4890 divide 701434615?
False
Is 1241575 a multiple of 3?
False
Is 248 a factor of 90848403?
False
Is 13296039 a multiple of 169?
False
Does 111 divide 694789737?
True
Does 294 divide 15219052?
False
Does 199 divide 28303533?
False
Does 4 divide 6541412?
True
Is 22429988 a multiple of 21?
False
Is 205360900 a multiple of 3933?
False
Is 12 a factor of 405533043?
False
Is 15 a factor of 229583550?
True
Is 152 a factor of 926403824?
True
Does 3390 divide 603263298?
False
Is 320 a factor of 169902589?
False
Does 362 divide 33280683?
False
Is 46269997 a multiple of 23?
True
Does 87 divide 38157591?
True
Is 60731828 a multiple of 76?
True
Is 27 a factor of 4096683?
True
Is 393152067 a multiple of 45?
False
Does 703 divide 24679518?
True
Is 1446 a factor of 22308888?
True
Does 827 divide 954424160?
True
Is 163 a factor of 67532217?
False
Is 995 a factor of 483909295?
True
Does 11 divide 19379198?
False
Is 2092961 a multiple of 13?
True
Is 14214996 a multiple of 36?
True
Is 324 a factor of 272401544?
False
Is 17690064 a multiple of 204?
True
Is 38 a factor of 433195782?
True
Is 116 a factor of 291681043?
False
Does 38 divide 13128458?
False
Does 219 divide 612210440?
False
Is 8109215 a multiple of 123?
False
Is 3173236 a multiple of 41?
True
Is 5114977 a multiple of 901?
True
Is 651384734 a multiple of 2597?
True
Is 81028460 a multiple of 170?
True
Is 1342687857 a multiple of 7?
True
Is 59420435 a multiple of 1824?
False
Is 317 a factor of 119829095?
False
Is 2521 a factor of 33408993?
False
Does 30 divide 939312450?
True
Does 255 divide 104247060?
True
Is 7 a factor of 4234699?
True
Does 108 divide 66185424?
True
Is 1694412622 a multiple of 41?
False
Is 74029984 a multiple of 14?
True
Is 745 a factor of 72304485?
True
Is 240 a factor of 1033109348?
False
Is 19060608 a multiple of 196?
True
Is 4564980 a multiple of 140?
True
Is 1044 a factor of 9789588?
True
Is 449 a factor of 115971748?
False
Is 62751289 a multiple of 2452?
False
Is 17631108 a multiple of 1649?
True
Does 51 divide 30597042?
True
Does 4894 divide 16112842?
False
Is 34809077 a multiple of 823?
False
Is 3605 a factor of 516289616?
False
Is 56 a factor of 27303980?
False
Does 117 divide 20239596?
True
Is 171 a factor of 19672524?
True
Is 174718473 a multiple of 10?
False
Is 29029287 a multiple of 291?
True
Is 535 a factor of 14679237?
False
Is 53 a factor of 194965853?
True
Is 5 a factor of 510330?
True
Is 1089295659 a multiple of 4317?
True
Is 6 a factor of 34985754?
True
Does 16 divide 1675041792?
True
Is 6 a factor of 1096065714?
True
Is 374 a factor of 729300?
True
Is 154 a factor of 35723688?
True
Does 42 divide 2837982?
True
Is 608763255 a multiple of 5?
True
Is 442808212 a multiple of 242?
True
Is 65 a factor of 176418840?
True
Is 53 a factor of 119835756?
True
Does 21 divide 36049209?
True
Is 6623052 a multiple of 3?
True
Is 572 a factor of 436917769?
False
Is 63 a factor of 75531267?
True
Is 86778993 a multiple of 21?
True
Does 52 divide 678137383?
False
Is 73067184 a multiple of 44?
False
Is 432 a factor of 1186437888?
True
Does 1735 divide 199802695?
False
Is 1003 a factor of 229851731?
False
Is 970 a factor of 382294391?
False
Does 255 divide 25230711?
False
Does 916 divide 345771867?
False
Is 289 a factor of 31266696?
False
Does 19 divide 12048679?
True
Does 326 divide 30921101?
False
Does 3 divide 